-60447166?
-60447172
In base 4, what is 22120111 + -13100?
22101011
In base 13, what is -19a3 + c0bb?
a418
In base 2, what is -1010001111 + 1001010111111?
1000000110000
In base 6, what is 1542031 - -224?
1542255
In base 13, what is -7472 - -2057?
-5418
In base 4, what is 30 - 310002101?
-310002011
In base 5, what is -1024 - 1002?
-2031
In base 9, what is -867 + 84712?
83734
In base 3, what is 202011111110 + 100201?
202011212011
In base 15, what is 126d7114 + -1?
126d7113
In base 8, what is 257471 - 366?
257103
In base 10, what is -5 - -3849987?
3849982
In base 7, what is 12443 - 21506?
-6033
In base 11, what is -3 - -23390304?
23390301
In base 4, what is -131211302112 - 11?
-131211302123
In base 8, what is 3 + 100455727?
100455732
In base 11, what is 230a8250 + -3?
230a8248
In base 12, what is -43 + -24925?
-24968
In base 2, what is -1110110101000000100010 - 101?
-1110110101000000100111
In base 4, what is 3233 + 322330131?
323000030
In base 5, what is -12 + 1101400304?
1101400242
In base 12, what is 71979b + -3?
719798
In base 3, what is 1100202 - 1000111?
100021
In base 11, what is 58732 + 106?
58838
In base 14, what is 8962d76 - -5?
8962d7b
In base 11, what is -15 - -18208460?
18208446
In base 4, what is -32 + 123110202002?
123110201310
In base 4, what is 3022223331023 - -2?
3022223331031
In base 12, what is -b80bb00 - -1?
-b80babb
In base 6, what is -305124 - 14235?
-323403
In base 16, what is -688c - 20?
-68ac
In base 10, what is 27054 + -30133?
-3079
In base 4, what is 2 - -120023103332?
120023110000
In base 7, what is 304131632 - 3?
304131626
In base 5, what is -32114 - -120432414?
120400300
In base 5, what is 3 + -2242030443?
-2242030440
In base 3, what is 2 + 201220201220100?
201220201220102
In base 8, what is 24755774 - -16?
24756012
In base 10, what is 5694398 - 12?
5694386
In base 11, what is -2870825 - -a?
-2870816
In base 3, what is 2101111202121 + 1?
2101111202122
In base 4, what is 120222332 + -11203?
120211123
In base 4, what is -1102122333 + -1033?
-1102130032
In base 13, what is -6 - -7072bab?
7072ba5
In base 2, what is -111001101010100 + -1001100001?
-111010110110101
In base 11, what is -245a7 + -564?
-25060
In base 11, what is -12 + -4300306?
-4300318
In base 13, what is -867798 + -6?
-8677a1
In base 15, what is -412a4 - 324?
-415c8
In base 14, what is 25b - 169d4?
-16777
In base 4, what is 12033221123 - 3001?
12033212122
In base 3, what is 10010012011 - -211002?
10011000020
In base 13, what is -31 + 11c688?
11c657
In base 13, what is -304 + -7c3?
-ac7
In base 12, what is b00025 + 3?
b00028
In base 16, what is -30 + -575?
-5a5
In base 9, what is -1543683 + 4?
-1543678
In base 9, what is 21 - -24742800?
24742821
In base 10, what is -204 - 3168121?
-3168325
In base 10, what is -75283250 + -3?
-75283253
In base 14, what is -5 + -1b0c34a6?
-1b0c34ab
In base 10, what is 5014 + -157?
4857
In base 8, what is -374147457 - 2?
-374147461
In base 8, what is -102 + 4541144?
4541042
In base 8, what is -113 + 151601?
151466
In base 4, what is -2 - 3201202231312?
-3201202231320
In base 10, what is -11 - 6522853?
-6522864
In base 14, what is 2 - -7b6b5b1?
7b6b5b3
In base 6, what is 0 - 3500523005?
-3500523005
In base 14, what is -5096d8 - 17a?
-509874
In base 14, what is b4ddb - -16?
b5013
In base 5, what is 1004121410 + 1?
1004121411
In base 16, what is -40ddc - -6f?
-40d6d
In base 8, what is 1314112 - 2240?
1311652
In base 9, what is 17571 - -22358?
41040
In base 4, what is 310 + 11010333?
11011303
In base 8, what is -3 - 22405331?
-22405334
In base 5, what is 1403242 + 120321?
2024113
In base 12, what is 1106388 + 0?
1106388
In base 3, what is 1120 - 102011000211?
-102010222021
In base 15, what is 3 + -2730e52?
-2730e4e
In base 12, what is ab9679b + -23?
ab96778
In base 3, what is -12212010 + 100100210?
10111200
In base 12, what is 4 - -37065a?
370662
In base 3, what is 20220122021111001 + 11?
20220122021111012
In base 13, what is -24411 - 2b?
-2443c
In base 12, what is -1130a4a41 - 2?
-1130a4a43
In base 12, what is -23a8133 + -6?
-23a8139
In base 12, what is -1a + -16798231?
-1679824b
In base 4, what is -2231300 - 1212?
-2233112
In base 5, what is -2 + 143034231200?
143034231143
In base 16, what is -312 - -e0b5?
dda3
In base 9, what is -510023 - -113?
-508810
In base 13, what is -5439 - -15c?
-52aa
In base 7, what is 205156400 - 30?
205156340
In base 9, what is -380 + -62133?
-62523
In base 13, what is -810275a + 1?
-8102759
In base 14, what is 1 + -1552192b?
-1552192a
In base 10, what is 1783 - 4192?
-2409
In base 12, what is 0 + 104b6a?
104b6a
In base 2, what is -101 - 1110110101110000110110?
-1110110101110000111011
In base 15, what is 251 - -2da9?
310a
In base 3, what is -1211110 - 1111?
-1212221
In base 5, what is -24031342302 + 4?
-24031342243
In base 11, what is -670 + a578?
9a08
In base 14, what is -35 - -1c442?
1c40b
In base 6, what is 5235455423 + -4?
5235455415
In base 5, what is 43204331143 - -10?
43204331203
In base 14, what is -15 - -95a39d?
95a388
In base 9, what is 75164 + -582?
74472
In base 15, what is -27 + 16373?
1634b
In base 8, what is -4 + 23250254?
23250250
In base 10, what is -1005 + 6904?
5899
In base 9, what is 63244453 + 2?
63244455
In base 12, what is -4477ab + 89?
-447722
In base 14, what is 3a + -51563?
-51527
In base 12, what is -147 + 15442?
152b7
In base 11, what is 7a8a7687 - 1?
7a8a7686
In base 10, what is -14550 + -949?
-15499
In base 10, what is -98932227 - -3?
-98932224
In base 6, what is 15223 + 5411?
25034
In base 2, what is -110 + 110101101000011100111000011?
110101101000011100110111101
In base 7, what is -14252 - 105064?
-122346
In base 10, what is 5510 + 3457?
8967
In base 7, what is -226044026 - -5?
-226044021
In base 16, what is -11d - 2d37?
-2e54
In base 15, what is 45a2b7d + -2?
45a2b7b
In base 11, what is -4 - -373317?
373313
In base 14, what is ddcac5 - -34?
ddcb19
In base 4, what is -10020 + -3110033?
-3120113
In base 14, what is -117174 - 1b?
-117191
In base 11, what is -5371 - -694?
-4788
In base 16, what is -c1 + -37a1f?
-37ae0
In base 11, what is -8164008 + -2?
-816400a
In base 6, what is 14504 + 110025?
124533
In base 16, what is 576 + -129?
44d
In base 3, what is 1 - -2111111201120122?
2111111201120200
In base 7, what is 623 - -312200?
313123
In base 13, what is 7 - -2c89878?
2c89882
In base 8, what is 541505551 - 5?
541505544
In base 11, what is 1 + -15493083?
-15493082
In base 5, what is 212 - 412100412?
-412100200
In base 7, what is -121145 - -26444?
-61401
In base 10, what is -4475 + -19748?
-24223
In base 4, what is 130133331322 + 31?
130133332013
In base 16, what is 10dd25 + -488?
10d89d
In base 16, what is -339bd4 + 2e?
-339ba6
In base 10, what is 1262 - -515420?
516682
In base 6, what is 423012 + 44355?
511411
In base 9, what is -2750040 + 11?
-2750028
In base 6, what is -5 - -33245232422?
33245232413
In base 11, what is -25 + -141080a?
-1410834
In base 7, what is 36013 + -315013?
-246000
In base 15, what is 7 + -11a9636?
-11a962e
In base 9, what is 652801 + -34?
652756
In base 2, what is 0 + -100001101001100010101?
-100001101001100010101
In base 6, what is -4232 + 55513?
51241
In base 7, what is -262515665 - -3?
-262515662
In base 10, what is -28 + -916442?
-916470
In base 5, what is 200240 + 1013000?
1213240
In base 14, what is -2 + -278dc?
-27900
In base 10, what is 3 - -98561629?
98561632
In base 9, what is 11423 - -1703?
13226
In base 2, what is 0 + -10000011011011011100100?
-10000011011011011100100
In base 3, what is 21110001220220 + 11012?
21110002002002
In base 10, what is 166 + 209077?
209243
In base 10, what is 59157 - -11?
59168
In base 5, what is -12313212 + -14?
-12313231
In base 7, what is 0 - 642206220?
-642206220
In base 3, what is 122002120 - 12200122212?
-12001120022
In base 7, what is 6 + 11145065?
11145104
In base 2, what is -100011011011000 + 1000011000110?
-11011000010010
In base 8, what is -1100411 - 1332?
-1101743
In base 4, what is -1121 - -1011233?
1010112
In base 9, what is -14634170 - 4?
-14634174
In base 3, what is -201211002222 + 101?
-201211002121
In base 5, what is -1 - 10222433342?
-10222433343
In base 16, what is -b79 + 117a3?
10c2a
In base 5, what is 22120032 + -121202?
21443330
In base 7, what is -232020 + 112?
-231605
In base 9, wh